{"id":35,"date":"2019-04-18T09:29:30","date_gmt":"2019-04-18T09:29:30","guid":{"rendered":"http:\/\/srcalarasi.md\/?page_id=35"},"modified":"2026-02-02T20:48:51","modified_gmt":"2026-02-02T18:48:51","slug":"sectia-chirurgie","status":"publish","type":"page","link":"http:\/\/srcalarasi.md\/?page_id=35","title":{"rendered":"Sec\u021bia chirurgie general\u0103"},"content":{"rendered":"<p>Profilul sec\u021biei rezid\u0103 \u00een diagnosticul \u015fi tratamentul maladiilor chirurgicale programate \u015fi de urgen\u0163\u0103. Func\u0163ion\u00e2nd ca serviciu chirurgical de urgen\u021b\u0103 cu o practic\u0103 vast\u0103, personalul medical al\u00a0 sec\u021biei trateaz\u0103 cu succes problemele pacien\u021bilor cu: apendicit\u0103 acut\u0103, hernie strangulat\u0103, ulcer perforat, ulcer duodenal \u0219i gastric, ocluzie intestinal\u0103 acut\u0103, etc. Pacien\u021bii sunt examina\u021bi amplu clinic \u015fi paraclinic.<\/p>\n<p>Blocul de opera\u021bie a IMSP SR C\u0103l\u0103ra\u0219i este destinat prest\u0103rii interven\u0163iilor chirurgicale (24\/24 ore, 7\/7 zile) pacien\u021bilor care se interneaz\u0103 de urgen\u021b\u0103 sau planificat cu afec\u021biuni chirurgicale<\/p>\n<p>De asemenea cu succes se efectuiaz\u0103 tratamentul operator al cataractei .<\/p>\n<p>Sec\u021bia dispune de 33 paturi, inclusiv 20 paturi de profil chirurgical, 8 \u00a0paturi de profil traumatologic \u015fi 5 paturi profil oftalmologic<\/p>\n<p>Echipa medical\u0103 a sec\u021biei este <strong>condus\u0103 de \u0219ef sec\u021bie\u00a0Mihail Cu\u015fnir\u00a0 \u0219i asistenta medical\u0103 superioar\u0103\u00a0Zinaida Ciubeic\u0103<\/strong>.<\/p>\n","protected":false},"excerpt":{"rendered":"<p>Profilul sec\u021biei rezid\u0103 \u00een diagnosticul \u015fi tratamentul maladiilor chirurgicale programate \u015fi de urgen\u0163\u0103. Func\u0163ion\u00e2nd ca serviciu chirurgical de urgen\u021b\u0103 cu o practic\u0103 vast\u0103, personalul medical al\u00a0 sec\u021biei trateaz\u0103 cu succes problemele pacien\u021bilor cu: apendicit\u0103 acut\u0103, hernie strangulat\u0103, ulcer perforat, ulcer duodenal \u0219i gastric, ocluzie intestinal\u0103 acut\u0103, etc. Pacien\u021bii sunt examina\u021bi amplu clinic \u015fi paraclinic. Blocul [&hellip;]<\/p>\n","protected":false},"author":2,"featured_media":0,"parent":0,"menu_order":0,"comment_status":"closed","ping_status":"closed","template":"","meta":{"footnotes":""},"class_list":["post-35","page","type-page","status-publish","hentry"],"_links":{"self":[{"href":"http:\/\/srcalarasi.md\/index.php?rest_route=\/wp\/v2\/pages\/35","targetHints":{"allow":["GET"]}}],"collection":[{"href":"http:\/\/srcalarasi.md\/index.php?rest_route=\/wp\/v2\/pages"}],"about":[{"href":"http:\/\/srcalarasi.md\/index.php?rest_route=\/wp\/v2\/types\/page"}],"author":[{"embeddable":true,"href":"http:\/\/srcalarasi.md\/index.php?rest_route=\/wp\/v2\/users\/2"}],"replies":[{"embeddable":true,"href":"http:\/\/srcalarasi.md\/index.php?rest_route=%2Fwp%2Fv2%2Fcomments&post=35"}],"version-history":[{"count":5,"href":"http:\/\/srcalarasi.md\/index.php?rest_route=\/wp\/v2\/pages\/35\/revisions"}],"predecessor-version":[{"id":1100,"href":"http:\/\/srcalarasi.md\/index.php?rest_route=\/wp\/v2\/pages\/35\/revisions\/1100"}],"wp:attachment":[{"href":"http:\/\/srcalarasi.md\/index.php?rest_route=%2Fwp%2Fv2%2Fmedia&parent=35"}],"curies":[{"name":"wp","href":"https:\/\/api.w.org\/{rel}","templated":true}]}}