{"id":1110,"date":"2026-02-02T21:01:06","date_gmt":"2026-02-02T19:01:06","guid":{"rendered":"https:\/\/srcalarasi.md\/?page_id=1110"},"modified":"2026-02-02T21:01:06","modified_gmt":"2026-02-02T19:01:06","slug":"serviciul-imagistica-si-diagnostica-functionala","status":"publish","type":"page","link":"https:\/\/srcalarasi.md\/?page_id=1110","title":{"rendered":"Serviciul Imagistica \u0219i diagnostica func\u021bional\u0103"},"content":{"rendered":"<p>Serviciul Imagistica \u0219i diagnostica func\u021bional\u0103 a a IMSP SR C\u0103l\u0103ra\u015fi dispune 2 aparate \u00a0Roentghen digitale: 1\u00a0 fix \u015fi 1 de salon, \u00a01 aparat USG, \u00a02 aparat EEG, cabinetul de endoscopie dispune de 1 gastroscop \u015fi 1 colonoscop.<\/p>\n<p>Sec\u021bia Imagistic\u0103 \u0219i diagnostica func\u021bional\u0103 este dotat\u0103 cu echipamente medicale moderne \u0219i personal medical calificat, inclusiv\u00a0 tehnicieni radiologi.<\/p>\n<p><strong>Echipa medical\u0103 a sec\u021biei este condus\u0103 de medicul Seghei Lungu, asistenta medical\u0103 Tatiana Proca \u015fi tehnicianul radiolog superior Ion Carabcevschii<\/strong><\/p>\n","protected":false},"excerpt":{"rendered":"<p>Serviciul Imagistica \u0219i diagnostica func\u021bional\u0103 a a IMSP SR C\u0103l\u0103ra\u015fi dispune 2 aparate \u00a0Roentghen digitale: 1\u00a0 fix \u015fi 1 de salon, \u00a01 aparat USG, \u00a02 aparat EEG, cabinetul de endoscopie dispune de 1 gastroscop \u015fi 1 colonoscop. Sec\u021bia Imagistic\u0103 \u0219i diagnostica func\u021bional\u0103 este dotat\u0103 cu echipamente medicale moderne \u0219i personal medical calificat, inclusiv\u00a0 tehnicieni radiologi. [&hellip;]<\/p>\n","protected":false},"author":3,"featured_media":0,"parent":0,"menu_order":0,"comment_status":"closed","ping_status":"closed","template":"","meta":{"footnotes":""},"class_list":["post-1110","page","type-page","status-publish","hentry"],"_links":{"self":[{"href":"https:\/\/srcalarasi.md\/index.php?rest_route=\/wp\/v2\/pages\/1110","targetHints":{"allow":["GET"]}}],"collection":[{"href":"https:\/\/srcalarasi.md\/index.php?rest_route=\/wp\/v2\/pages"}],"about":[{"href":"https:\/\/srcalarasi.md\/index.php?rest_route=\/wp\/v2\/types\/page"}],"author":[{"embeddable":true,"href":"https:\/\/srcalarasi.md\/index.php?rest_route=\/wp\/v2\/users\/3"}],"replies":[{"embeddable":true,"href":"https:\/\/srcalarasi.md\/index.php?rest_route=%2Fwp%2Fv2%2Fcomments&post=1110"}],"version-history":[{"count":1,"href":"https:\/\/srcalarasi.md\/index.php?rest_route=\/wp\/v2\/pages\/1110\/revisions"}],"predecessor-version":[{"id":1111,"href":"https:\/\/srcalarasi.md\/index.php?rest_route=\/wp\/v2\/pages\/1110\/revisions\/1111"}],"wp:attachment":[{"href":"https:\/\/srcalarasi.md\/index.php?rest_route=%2Fwp%2Fv2%2Fmedia&parent=1110"}],"curies":[{"name":"wp","href":"https:\/\/api.w.org\/{rel}","templated":true}]}}